5) to base 10
-4
220 (base 6) to base 7
150
What is 5 (base 7) in base 6?
5
Convert -21 (base 7) to base 13.
-12
What is 0 (base 14) in base 7?
0
-1 (base 12) to base 14
-1
Convert 119 (base 12) to base 8.
245
-32 (base 6) to base 12
-18
Convert -305 (base 7) to base 14.
-ac
What is 7 (base 15) in base 11?
7
-1100011 (base 2) to base 3
-10200
-79 (base 11) to base 10
-86
What is -122 (base 4) in base 14?
-1c
What is 1010100 (base 2) in base 12?
70
What is -ac (base 14) in base 16?
-98
Convert -15 (base 6) to base 13.
-b
4 (base 7) to base 2
100
Convert 2c (base 15) to base 5.
132
Convert 264 (base 7) to base 16.
90
What is -7c (base 13) in base 15?
-6d
What is -9 (base 15) in base 2?
-1001
What is -6 (base 13) in base 11?
-6
What is -3 (base 11) in base 13?
-3
Convert -3 (base 9) to base 11.
-3
15 (base 8) to base 2
1101
-2 (base 10) to base 8
-2
Convert 3 (base 6) to base 11.
3
What is -12 (base 8) in base 10?
-10
-112 (base 5) to base 11
-2a
11 (base 3) to base 8
4
Convert 61 (base 15) to base 7.
160
-110 (base 3) to base 13
-c
22001 (base 3) to base 12
161
-4b (base 14) to base 8
-103
Convert -16 (base 7) to base 3.
-111
Convert -3 (base 4) to base 7.
-3
What is -10 (base 2) in base 9?
-2
Convert -2031 (base 4) to base 15.
-96
13 (base 12) to base 9
16
10 (base 6) to base 4
12
-2 (base 11) to base 6
-2
33 (base 5) to base 12
16
Convert -4 (base 9) to base 8.
-4
What is 100000 (base 2) in base 13?
26
Convert 3 (base 8) to base 5.
3
What is 0 (base 14) in base 13?
0
What is -7 (base 16) in base 13?
-7
What is -12 (base 3) in base 10?
-5
-43 (base 8) to base 13
-29
Convert -1 (base 10) to base 3.
-1
Convert 2011 (base 3) to base 13.
46
0 (base 12) to base 3
0
What is 3 (base 13) in base 12?
3
-19 (base 11) to base 16
-14
Convert 10 (base 6) to base 16.
6
-2 (base 14) to base 2
-10
What is -84 (base 9) in base 11?
-6a
Convert -17 (base 15) to base 13.
-19
Convert -20 (base 3) to base 6.
-10
What is -263 (base 8) in base 11?
-153
What is -12 (base 7) in base 5?
-14
What is -10 (base 11) in base 13?
-b
a (base 13) to base 3
101
What is -81 (base 9) in base 14?
-53
Convert 111 (base 8) to base 12.
61
What is 3 (base 15) in base 16?
3
What is 5 (base 16) in base 10?
5
4 (base 5) to base 12
4
45 (base 10) to base 8
55
What is 2 (base 7) in base 2?
10
Convert -234 (base 5) to base 6.
-153
Convert -9 (base 12) to base 10.
-9
Convert 10100 (base 2) to base 4.
110
What is 6 (base 13) in base 16?
6
-c (base 15) to base 4
-30
What is 5 (base 9) in base 14?
5
-2 (base 12) to base 14
-2
Convert 11 (base 8) to base 10.
9
Convert 3 (base 9) to base 12.
3
Convert -13 (base 4) to base 5.
-12
d (base 16) to base 7
16
-21 (base 3) to base 7
-10
What is 12 (base 5) in base 9?
7
10 (base 3) to base 2
11
Convert 2 (base 3) to base 12.
2
Convert 22 (base 14) to base 15.
20
-86 (base 11) to base 13
-73
Convert -110100 (base 2) to base 4.
-310
Convert -b (base 13) to base 11.
-10
-313 (base 4) to base 14
-3d
What is -4 (base 12) in base 5?
-4
What is -1 (base 15) in base 7?
-1
Convert -24 (base 7) to base 8.
-22
Convert -20 (base 4) to base 16.
-8
Convert -67 (base 10) to base 9.
-74
What is -12 (base 5) in base 14?
-7
-2 (base 5) to base 13
-2
What is 0 (base 9) in base 13?
0
Convert -1032 (base 4) to base 11.
-71
What is ab (base 12) in base 13?
a1
Convert aa (base 13) to base 11.
118
-5 (base 8) to base 13
-5
What is -3 (base 8) in base 15?
-3
Convert 12 (base 10) to base 16.
c
41 (base 7) to base 4
131
What is -45 (base 10) in base 11?
-41
What is -14 (base 15) in base 7?
-25
Convert -53 (base 15) to base 2.
-1001110
What is -431 (base 7) in base 11?
-189
19 (base 10) to base 8
23
What is 2 (base 16) in base 12?
2
Convert 2 (base 12) to base 15.
2
Convert 3 (base 6) to base 13.
3
What is 0 (base 3) in base 5?
0
What is 60 (base 10) in base 4?
330
-11 (base 4) to base 11
-5
What is -c (base 14) in base 8?
-14
What is 100 (base 11) in base 3?
11111
44 (base 10) to base 5
134
4 (base 7) to base 14
4
What is 513 (base 7) in base 4?
3333
Convert -31 (base 7) to base 5.
-42
What is -2 (base 9) in base 16?
-2
What is -1 (base 6) in base 10?
-1
What is 9 (base 15) in base 10?
9
Convert 1 (base 2) to base 12.
1
What is 211 (base 3) in base 14?
18
-10 (base 4) to base 10
-4
Convert -24 (base 16) to base 6.
-100
Convert 13 (base 9) to base 7.
15
210 (base 4) to base 14
28
What is -4 (base 5) in base 4?
-10
What is 101110 (base 2) in base 15?
31
What is 48 (base 10) in base 5?
143
5a (base 14) to base 8
120
Convert -4 (base 6) to base 16.
-4
What is 7 (base 8) in base 9?
7
-1 (base 4) to base 8
-1
What is -21 (base 3) in base 4?
-13
Convert -27 (base 14) to base 2.
-100011
What is 0 (base 5) in base 14?
0
What is -13 (base 6) in base 13?
-9
What is -324 (base 6) in base 4?
-1330
What is -1 (base 2) in base 14?
-1
Convert -55 (base 6) to base 8.
-43
What is -192 (base 10) in base 6?
-520
-11 (base 6) to base 8
-7
Convert 100 (base 2) to base 5.
4
Convert -2 (base 12) to base 8.
-2
2 (base 4) to base 13
2
Convert 210 (base 3) to base 6.
33
-18 (base 10) to base 2
-10010
18 (base 13) to base 12
19
Convert 200 (base 4) to base 15.
22
Convert -106 (base 9) to base 3.
-10020
What is c (base 14) in base 12?
10
Convert 4 (base 12) to base 2.
100
Convert 0 (base 8) to base 5.
0
What is 15 (base 9) in base 11?
13
-3 (base 8) to base 16
-3
Convert -1001010 (base 2) to base 11.
-68
What is 210 (base 3) in base 15?
16
Convert 27 (base 9) to base 16.
19
-111000 (base 2) to base 6
-132
What is 10101 (base 2) in base 14?
17
What is -3 (base 9) in base 6?
-3
Convert -18 (base 13) to base 14.
-17
0 (base 9) to base 5
0
-12 (base 12) to base 11
-13
Convert -e (base 16) to base 4.
-32
14 (base 5) to base 7
12
What is -11 (base 2) in base 15?
-3
-1100 (base 4) to base 14
-5a
What is -8 (base 9) in base 7?
-11
What is 1 (base 4) in base 15?
1
1a (base 11) to base 3
210
Convert -306 (base 9) to base 7.
-504
Convert -5 (base 8) to base 11.
-5
What is -115 (base 8) in base 7?
-140
-220 (base 6) to base 5
-314
What is -1 (base 14) in base 10?
-1
Convert 111 (base 2) to base 14.
7
What is 8 (base 14) in base 10?
8
What is b (base 13) in base 6?
15
Convert d9 (base 16) to base 15.
e7
What is 3 (base 15) in base 16?
3
What is -22 (base 8) in base 12?
-16
What is -31 (base 4) in base 6?
-21
What is 28 (base 10) in base 5?
103
Convert 9 (base 10) to base 12.
9
Convert -1 (base 9) to base 16.
-1
What is -13 (base 14) in base 4?
-101
What is 5 (base 10) in base 13?
5
What is 0 (base 10) in base 14?
0
What is -12 (base 5) in base 8?
-7
What is 261 (base 7) in base 2?
10001101
2 (base 5) to base 9
2
Convert 0 (base 2) to base 16.
0
What is -20 (base 16) in base 9?
-35
Convert 53 (base 8) to base 2.
101011
Convert 18 (base 16) to base 15.
19
Convert 4 (base 8) to base 9.
4
What is 3 (base 14) in base 7?
3
What is 0 (base 11) in base 2?
0
11 (base 2) to base 3
10
What is -5a (base 14) in base 15?
-55
Convert -5 (base 6) to base 13.
-5
Convert 10001 (base 3) to base 13.
64
What is 0 (base 14) in base 13?
0
10000000 (base 2) to base 15
88
8 (base 14) to base 12
8
-103 (base 8) to base 3
-2111
Convert -7 (base 14) to base 16.
-7
What is 150 (base 12) in base 15?
d9
What is -1 (base 13) in base 14?
-1
What is -2 (base 4) in base 15?
-2
1 (base 13) to base 15
1
What is -4 (base 14) in base 5?
-4
Convert -11 (base 8) to base 12.
-9
Convert 6 (base 9) to base 10.
6
What is -9 (base 11) in base 15?
-9
Convert cf (base 16) to base 11.
179
2 (base 11) to base 13
2
d (base 15) to base 3
111
What is -1001101 (base 2) in base 5?
-302
1 (base 10) to base 6
1
Convert -b (base 14) to base 2.
-1011
What is -2 (base 12) in base 4?
-2
Convert 37 (base 10) to base 11.
34
Convert 12 (base 3) to base 10.
5
11 (base 2) to base 13
3
What is -3 (base 15) in base 14?
-3
What is 7c (base 13) in base 2?
1100111
11012 (base 3) to base 9
135
What is -20 (base 15) in base 10?
-30
22 (base 7) to base 8
20
Convert 1110 (base 6) to base 2.
100000010
Convert 22 (base 6) to base 7.
20
5 (base 6) to base 15
5
Convert -72 (base 10) to base 5.
-242
What is -2 (base 3) in base 16?
-2
Convert 32 (base 14) to base 5.
134
What is 1000 (base 3) in base 5?
102
2 (base 4) to base 12
2
-42 (base 10) to base 12
-36
Convert -15 (base 9) to base 6.
-22
Conv